
Is 1431 a factor of 4284414?
True
Does 172 divide 1969400?
True
Does 96 divide 16323?
False
Is 22 a factor of 165849?
False
Does 13 divide 204248?
False
Does 7 divide 126780?
False
Is 19619 a multiple of 4?
False
Is 18 a factor of 12255080?
False
Is 18 a factor of 677572?
False
Is 254195 a multiple of 79?
False
Is 4 a factor of 10091?
False
Is 12 a factor of 28584?
True
Is 119367 a multiple of 5?
False
Does 3 divide 804554?
False
Does 14 divide 283150?
True
Is 50 a factor of 1350?
True
Does 17 divide 3228761?
False
Is 70 a factor of 2431037?
False
Does 38 divide 131923?
False
Does 10 divide 55077?
False
Does 50 divide 2804950?
True
Is 70560 a multiple of 490?
True
Is 1075960 a multiple of 37?
True
Is 753280 a multiple of 24?
False
Is 108 a factor of 2335608?
True
Does 318 divide 145962?
True
Is 8553095 a multiple of 251?
False
Does 16 divide 380224?
True
Does 7 divide 26283?
False
Is 21 a factor of 6006?
True
Is 6865686 a multiple of 6?
True
Does 121 divide 87756?
False
Is 19044 a multiple of 2?
True
Is 334234 a multiple of 69?
False
Is 3627158 a multiple of 222?
False
Is 22 a factor of 3709932?
False
Is 260448 a multiple of 4?
True
Is 8 a factor of 43384?
True
Does 1778 divide 8537929?
False
Is 216 a factor of 4259088?
True
Does 84 divide 2561331?
False
Is 2096770 a multiple of 65?
True
Is 42010 a multiple of 6?
False
Does 243 divide 171100?
False
Does 7 divide 639191?
True
Is 384 a factor of 754644?
False
Is 215 a factor of 5640987?
False
Is 36 a factor of 7530876?
True
Is 11904 a multiple of 48?
True
Is 244800 a multiple of 18?
True
Is 116 a factor of 620380?
False
Is 9 a factor of 4148037?
True
Is 11 a factor of 6812883?
True
Is 1080417 a multiple of 13?
True
Is 7 a factor of 2783739?
True
Is 428841 a multiple of 37?
False
Is 244478 a multiple of 29?
False
Does 2 divide 111063?
False
Is 380 a factor of 73340?
True
Is 208992 a multiple of 96?
True
Is 7579440 a multiple of 30?
True
Does 835 divide 1487970?
True
Is 102 a factor of 1064880?
True
Is 6633 a multiple of 35?
False
Is 63 a factor of 11569319?
False
Is 39 a factor of 45722?
False
Is 49987 a multiple of 259?
True
Is 17520 a multiple of 48?
True
Is 100974 a multiple of 121?
False
Does 37 divide 477195?
False
Does 185 divide 285640?
True
Is 49560 a multiple of 84?
True
Is 39 a factor of 204555?
True
Is 1865417 a multiple of 33?
False
Is 120 a factor of 157680?
True
Is 8743344 a multiple of 48?
True
Is 37 a factor of 500548?
False
Does 139 divide 6965313?
False
Is 12609948 a multiple of 156?
True
Does 93 divide 2396052?
True
Is 16 a factor of 449936?
True
Is 13505247 a multiple of 1389?
True
Is 18718326 a multiple of 11?
True
Is 32 a factor of 7455872?
True
Is 71577 a multiple of 33?
True
Is 171 a factor of 67264?
False
Is 327 a factor of 632091?
True
Is 51 a factor of 29010075?
True
Is 622 a factor of 154062?
False
Is 76 a factor of 349980?
True
Is 190192 a multiple of 16?
True
Is 206323 a multiple of 13?
True
Is 1072 a factor of 29357792?
True
Does 93 divide 80842?
False
Is 73 a factor of 100010?
True
Is 393 a factor of 166239?
True
Does 184 divide 1840?
True
Is 26 a factor of 527253?
False
Is 351044 a multiple of 6?
False
Is 4 a factor of 179252?
True
Is 171421 a multiple of 19?
False
Is 27 a factor of 114507?
True
Does 28 divide 25639?
False
Does 16 divide 352548?
False
Is 1110330 a multiple of 507?
True
Is 998470 a multiple of 55?
True
Does 20 divide 31520?
True
Is 12 a factor of 7412436?
True
Does 18 divide 8233722?
True
Does 28 divide 2156988?
False
Is 520899 a multiple of 20?
False
Is 260061 a multiple of 23?
True
Is 128683 a multiple of 116?
False
Is 5932112 a multiple of 68?
False
Does 157 divide 522458?
False
Is 16 a factor of 412963?
False
Is 37 a factor of 2712731?
False
Is 73 a factor of 326018?
True
Is 81 a factor of 187920?
True
Is 25065 a multiple of 3?
True
Is 6 a factor of 19461?
False
Is 536 a factor of 67206?
False
Does 224 divide 60159?
False
Is 638873 a multiple of 73?
False
Is 1104360 a multiple of 60?
True
Is 2797386 a multiple of 573?
True
Is 4 a factor of 385272?
True
Is 2 a factor of 749663?
False
Is 34 a factor of 2452522?
True
Is 98670 a multiple of 143?
True
Is 55 a factor of 1420906?
False
Is 91131 a multiple of 7?
False
Is 923 a factor of 1772634?
False
Does 57 divide 8651?
False
Does 9 divide 852489?
True
Does 129 divide 1376622?
False
Is 475422 a multiple of 8?
False
Is 166 a factor of 121406?
False
Does 264 divide 3830307?
False
Does 679 divide 23086?
True
Is 6 a factor of 52527?
False
Is 58 a factor of 926608?
True
Is 10 a factor of 74281?
False
Does 13 divide 2043522?
True
Is 109 a factor of 339381?
False
Does 395 divide 158000?
True
Is 7 a factor of 51093?
True
Is 52764 a multiple of 77?
False
Is 18 a factor of 10076?
False
Is 462286 a multiple of 136?
False
Is 60 a factor of 130307?
False
Does 86 divide 3515078?
True
Is 142 a factor of 56621?
False
Is 37675 a multiple of 25?
True
Is 810814 a multiple of 56?
False
Is 15 a factor of 1474290?
True
Is 5642822 a multiple of 1375?
False
Is 314 a factor of 215045?
False
Does 105 divide 124881?
False
Is 762 a factor of 853755?
False
Is 169 a factor of 136721?
True
Does 104 divide 41288?
True
Is 351 a factor of 311653?
False
Is 14 a factor of 199667?
False
Is 40860 a multiple of 14?
False
Is 235 a factor of 1106145?
True
Does 233 divide 640051?
True
Is 527 a factor of 3137177?
False
Is 178380 a multiple of 172?
False
Is 192 a factor of 225216?
True
Does 154 divide 413028?
True
Is 1232 a multiple of 14?
True
Is 37623 a multiple of 9?
False
Does 45 divide 297855?
True
Does 67 divide 39530?
True
Is 25 a factor of 107500?
True
Is 7562011 a multiple of 995?
False
Is 89 a factor of 1925960?
True
Does 271 divide 181453?
False
Is 85501 a multiple of 101?
False
Is 586753 a multiple of 5?
False
Is 23 a factor of 713467?
False
Is 5258192 a multiple of 8?
True
Does 408 divide 250773?
False
Is 73 a factor of 747929?
False
Does 8 divide 828523?
False
Is 39864 a multiple of 66?
True
Is 85242 a multiple of 26?
False
Is 164815 a multiple of 131?
False
Is 43 a factor of 68176?
False
Is 110 a factor of 564074?
False
Is 142016 a multiple of 30?
False
Is 366282 a multiple of 14?
True
Does 7 divide 3579784?
False
Does 324 divide 167454?
False
Is 35 a factor of 330015?
True
Is 242 a factor of 205700?
True
Is 53 a factor of 2424538?
True
Is 1860307 a multiple of 47?
True
Is 11 a factor of 1924259?
False
Is 288 a factor of 13455?
False
Is 5031160 a multiple of 124?
False
Does 89 divide 10235?
True
Does 137 divide 6278?
False
Is 6 a factor of 225518?
False
Is 17 a factor of 237508?
False
Does 70 divide 13713500?
False
Is 27 a factor of 1149?
False
Is 45 a factor of 26045?
False
Is 176 a factor of 131296?
True
Is 1573610 a multiple of 74?
True
Is 12896779 a multiple of 1031?
True
Does 2 divide 2317130?
True
Is 6369745 a multiple of 7?
False
Does 4 divide 154514?
False
Is 2017284 a multiple of 118?
False
Is 8 a factor of 113392?
True
Is 9 a factor of 20298?
False
Does 6 divide 5399934?
True
Is 1128303 a multiple of 31?
False
Does 5 divide 74660?
True
Does 1734 divide 24295517?
False
Is 16 a factor of 102128?
True
Is 959574 a multiple of 66?
True
Is 8 a factor of 715443?
False
Is 540259 a multiple of 60?
False
Is 33 a factor of 392931?
True
Is 102 a factor of 437070?
True
Is 39 a factor of 5806320?
True
Does 139 divide 1928208?
True
Does 10 divide 56920?
True
Does 50 divide 385737?
False
Is 330774 a multiple of 365?
False
Does 30 divide 1398164?
False
Does 15 divide 286920?
True
Is 1400276 a multiple of 19?
False
Does 11 divide 958019?
False
Does 5 divide 1776451?
False
Is 74 a factor of 1004476?
True
Is 9101 a multiple of 3?
False
Is 1886502 a multiple of 67?
False
Is 2 a factor of 2058376?
True
Is 3576320 a multiple of 160?
True
Is 58 a factor of 47347?
False
Is 7005 a multiple of 15?
True
Is 39734181 a multiple of 84?
False
Is 10 a factor of 362560?
True
Is 101 a factor of 1880418?
True
Is 69 a factor of 623662?
False
Does 29 divide 9035820?
True
Is 7 a factor of 72741?
False
Does 54 divide 152604?
True
Is 79 a factor of 3179276?
True
Is 1637621 a multiple of 669?
False
Is 11 a factor of 379126?
True
Is 4654152 a multiple of 348?
True
Is 25 a factor of 4475477?
False
Is 451 a factor of 798270?
True
Is 3088540 a multiple of 10